 652, 5*k = -2*d + 654. Let x = -175 - -279. Calculate the highest common factor of k and x.
26
Suppose -11 = -2*p + 9. Suppose p*i = 12*i - 8. Suppose 4*o - 624 = -i*o. What is the highest common factor of 117 and o?
39
Let l(b) = -37*b**2 - 3*b + 9. Let c be l(-3). Let m = 435 + c. Let x = 190 - 110. What is the highest common divisor of m and x?
40
Suppose 3*v = v + 40. Suppose 437 + 4 = -3*l. Let z be (-3 - -1)/(-6) - 26411/l. Calculate the highest common factor of z and v.
20
Let c(p) = -1. Let i(u) = -2*u - 34. Let d(q) = -2*c(q) - i(q). Let k be d(-19). Let w be k/6 - 2509/(-39). What is the greatest common divisor of w and 96?
32
Suppose 73 = u - 5*f, -4*f + 218 = 3*u + 18. Let w(d) = -d**2 - 19*d + 482. Let h be w(-30). Let p = h - u. What is the greatest common divisor of 12 and p?
12
Suppose 397 - 82 = 3*a. Let j = 10 - 25. Let t be (2/4)/(j/(-450)). What is the greatest common factor of a and t?
15
Let z = -17631 + 21235. What is the greatest common factor of z and 68?
68
Suppose -7*r + 279 = -204. Suppose 0 = 3*m - r - 0. Let z = m - -58. Calculate the greatest common factor of z and 9.
9
Let c(b) = -2*b**3 - 80*b + 99*b - 11 - 20 - 41*b**2. Let f be c(-21). What is the highest common divisor of 121 and f?
11
Let i = -14493 + 14510. What is the highest common factor of i and 7361?
17
Suppose -166*x + 1488355 = 151*x - 526814. Calculate the highest common divisor of x and 78.
39
Let u be 64788/90 + (-86)/30 + 3. What is the greatest common factor of 45 and u?
45
Suppose -g = k - 74 - 42, 332 = 3*g - k. Suppose 5*h + 0*h = 2*y - 224, g = y + 4*h. Let t = -24 + 40. What is the greatest common divisor of y and t?
16
Suppose -3*u + 385 = -38. Suppose -23823 = -20*t - 21943. What is the highest common factor of u and t?
47
Let f be 2*3*(-3)/(-2). Let z(d) = 2*d**2 + 24*d - 261. Let b be z(-21). Calculate the highest common factor of f and b.
9
Suppose 448 + 1067 = 101*s. Calculate the greatest common factor of s and 410.
5
Let n be 8/(48/126) - -1. Suppose 32*v - n*v - 1260 = 0. Calculate the highest common factor of v and 90.
18
Let l = 7407 - 5423. Calculate the highest common factor of 31 and l.
31
Suppose 6*j = j + 20. Let l(m) = -3*m + 11. Let u(y) = -3*y + 13. Let w(r) = -4*l(r) + 3*u(r). Let n be w(j). What is the highest common divisor of 35 and n?
7
Let n(m) = -m**3 + 28*m**2 - 67*m - 3. Let q be n(24). Let c(a) = -a**3 - a**2 + 3*a + 63. Let z be c(0). What is the greatest common factor of z and q?
63
Suppose 4*t = 3*n + 93, -4*t + 68 + 4 = 4*n. Let q be ((-446)/2)/(12/12). Let d = -202 - q. Calculate the greatest common divisor of d and t.
21
Let p be ((-20)/(-35))/(4/14) + -53 + 150. Calculate the highest common divisor of p and 2007.
9
Suppose 8*d = -0*d + 24. Suppose d = v, -5*v - 207 = -4*g - 6*v. What is the highest common divisor of 357 and g?
51
Let q = -17687 - -17767. What is the highest common divisor of q and 1728?
16
Let c = 5217 - 5145. Calculate the greatest common divisor of 369 and c.
9
Let o(m) = 200*m**2 + 3*m + 1. Let w be o(-2). Let b = 195 + -180. What is the highest common divisor of b and w?
15
Suppose 4 = u, 5*x = -u - 162 + 886. What is the highest common factor of x and 1413?
9
Suppose -5*z + 10*g = 8*g - 945, 7*z + 2*g - 1323 = 0. What is the highest common factor of 28 and z?
7
Let l = -141 + 5011. Suppose -5*v + l = -5*s, 0 = -3*s + 4 - 1. What is the highest common divisor of 13 and v?
13
Suppose 17 = 2*x + o, 4*o = x + 2*o - 21. Let j(f) = -2*f - 6. Let w be j(-4). Let t be ((5 - w) + 8)/(2/18). Calculate the highest common factor of t and x.
11
Let g = 292 - 294. Let l be 6/(-8) - (g - 307/4). What is the greatest common factor of l and 429?
39
Let f(g) = 41*g**2 - 376*g. Let l be f(10). Calculate the greatest common divisor of 204 and l.
68
Let b be -15 - -23 - (-976 - -9). What is the highest common factor of 52 and b?
13
Suppose -8*k - 6*k - 454140 = -44*k. What is the highest common divisor of 18 and k?
18
Suppose -9 = -3*t, q = 5*q - 4*t - 44. Suppose -12*x = -q*x + 130. Let n = x - 41. Calculate the greatest common divisor of n and 216.
24
Let m(p) = -10*p**3 + 20*p**2 + 50*p. Let l be m(-3). Calculate the highest common factor of l and 312.
12
Let r = -475 + 561. Calculate the greatest common factor of 11954 and r.
86
Let k(l) = -15*l**2 - l - 1. Let d be k(1). Let j(r) = -r - 17. Let a be j(d). Suppose -5*v + 2*v + 150 = a. Calculate the greatest common factor of v and 20.
10
Let k be 0 + 5 - 11 - (-133 + 8 + -3). Calculate the highest common divisor of 305 and k.
61
Let o(x) = 2*x**3 - 13*x**2 - 50*x + 338. Let h be o(6). What is the highest common factor of h and 2796?
2
Suppose 0 = 5*g - 4*w - 772, -5*w - 198 - 416 = -4*g. Suppose 4*v - 176 = -a, -5*v - 2*a + g = -61. Calculate the highest common divisor of v and 855.
45
Let u be (30/(-2))/(-5)*19/3. Let w be 3/(-9) + (-5138)/21. Let r = 416 + w. What is the greatest common divisor of u and r?
19
Let x = -5187 + 6702. Calculate the greatest common factor of 15 and x.
15
Suppose 4*y = y + 60. Let d(z) be the second derivative of -5*z**3/6 + 35*z**2 + 102*z. Let q be d(8). What is the highest common factor of y and q?
10
Suppose 0 = 5*y - 3*m + 130, 4*m = 2*y - 19 + 85. Let q = 25 + y. Let i(v) = 9*v - 7. Let w be i(q). Calculate the greatest common factor of 55 and w.
11
Let p = -5565 + 5650. Let q(r) = -r**3 + 7*r**2 + r + 10. Let z be q(7). Calculate the greatest common divisor of p and z.
17
Let f(p) = 3*p**3 + 5*p**2 - 144*p + 278. Let q be f(2). Calculate the highest common divisor of q and 799.
17
Suppose -284 = -9*d + 220. Suppose -b = -k + d, 4*k + 6*b - 224 = b. What is the greatest common divisor of k and 2?
2
Let k(f) = 6*f + 47. Let l be k(-8). Let t(n) = -229*n + 30. Let g be t(l). Calculate the highest common divisor of g and 111.
37
Suppose -5*f = 1 + 4. Let l be (1 - f) + (-2 - 0/5). Suppose -43*s + 38*s + 585 = l. What is the highest common divisor of 9 and s?
9
Suppose -m + 5836 = -13*t, -m + 3373 = -3*t - 2543. What is the greatest common divisor of 180 and m?
180
Let h be (27 - 30)/((-2)/(-42)). Let s be 210/h*(-264)/5. What is the highest common divisor of 66 and s?
22
Let r(n) = 4*n**2 + 15*n - 14. Let o be r(6). Let g = o + -216. Calculate the highest common factor of 4 and g.
4
Let v(x) = -33*x - 164. Let n be v(-8). Let c be (1 - 0)/((-2)/10). Let a be (-252)/(-10) - c/(-25). Calculate the greatest common divisor of n and a.
25
Suppose 2*c = -5*q + 267, 122*q = 120*q - 2*c + 108. What is the greatest common factor of q and 48654?
53
Let r = 27794 - 22418. What is the highest common divisor of r and 168?
168
Suppose 4334*k - 6346 = 4296*k. Calculate the greatest common factor of 7181 and k.
167
Let m = 2750 - 2724. Suppose 0 = 2*v + v - 117. What is the highest common divisor of v and m?
13
Suppose 6*v + 4*c = 33976, 0*v - 4*c = -5*v + 28306. Calculate the highest common divisor of 38 and v.
38
Let f(q) = -13*q + 94. Let w be f(7). Let n be (-2820)/(-210) + (-1)/7*w. Let t = 76 + 2. Calculate the greatest common divisor of t and n.
13
Let x(z) = -8*z**3 + 12*z + 11. Let y be x(0). Let b be (6/(-4))/((-6)/140). Let t = 79 - b. Calculate the highest common divisor of y and t.
11
Suppose 5*a - 151 = -x, 0 = a + x - 48 + 13. What is the greatest common factor of a and 12151?
29
Suppose 0 = 3*h - 3 - 12. Let q = 58 - 54. Suppose d + 180 = 2*n + 65, -n - q*d + 35 = 0. Calculate the highest common factor of n and h.
5
Suppose -10 - 14 = -2*d. Suppose 6*g + 0 = 30. Suppose l = -g*l + d. What is the greatest common divisor of 2 and l?
2
Suppose -84 = -9*i + 2*i. Suppose 0 = -q + 2*d + i, 0 = 4*q - 2*d - d - 33. Calculate the highest common factor of 102 and q.
6
Let t(v) = -v**2 + 80*v + 2920. Let s be t(82). What is the highest common factor of s and 318?
106
Let c = 96122 - 46848. What is the highest common divisor of c and 142?
142
Suppose 140 = 5*h + 93*g - 98*g, g = -3*h + 68. What is the highest common divisor of 3256 and h?
8
Suppose 3*t = z + 7, 64*t = 67*t + 2*z - 13. Calculate the highest common divisor of 309 and t.
3
Let x = 33 + -13. Suppose -4*b - 5*d = -2175, -2*b + 2*d + 1352 - 242 = 0. What is the highest common divisor of b and x?
10
Let f(p) = 31*p + 11. Let h(t) = 96*t + 32. Let q(s) = -16*f(s) 